{"id":17,"date":"2017-09-21T20:45:08","date_gmt":"2017-09-21T18:45:08","guid":{"rendered":"http:\/\/eas-wb.de\/?page_id=17"},"modified":"2020-03-02T07:35:12","modified_gmt":"2020-03-02T06:35:12","slug":"ueber-mich","status":"publish","type":"page","link":"https:\/\/www.eas-wb.de\/?page_id=17","title":{"rendered":"Elektrotechnik"},"content":{"rendered":"<p>Elektroinstallation f\u00fcr Industrie, Gewerbe und Privat<\/p>\n<ul>\n<li>Installation von Wallbox, Ladestation f\u00fcr Elektroauto<\/li>\n<li>Wohnungsinstallation, Reparaturen der Elektroanlage,<img loading=\"lazy\" decoding=\"async\" class=\"wp-image-564 alignright\" src=\"https:\/\/www.eas-wb.de\/wp-content\/uploads\/2020\/01\/E-Verteiler.jpg\" alt=\"\" width=\"269\" height=\"182\" srcset=\"https:\/\/www.eas-wb.de\/wp-content\/uploads\/2020\/01\/E-Verteiler.jpg 1024w, https:\/\/www.eas-wb.de\/wp-content\/uploads\/2020\/01\/E-Verteiler-300x203.jpg 300w, https:\/\/www.eas-wb.de\/wp-content\/uploads\/2020\/01\/E-Verteiler-768x521.jpg 768w, https:\/\/www.eas-wb.de\/wp-content\/uploads\/2020\/01\/E-Verteiler-350x237.jpg 350w\" sizes=\"auto, (max-width: 269px) 100vw, 269px\" \/><\/li>\n<li>Modernisierung im Haus, auch mit Sprechanlage,<\/li>\n<li>Elektroinstallation f\u00fcr Gewerbe<\/li>\n<li>Errichtung und Reparatur von Gewerbeobjekten, Anschlu\u00df von elektrotechnischen Maschinen, \u00dcberpr\u00fcfung ortsver\u00e4nderlicher Betriebsmittel<\/li>\n<li>Installation von Datenleitungen, Telefonanlagen<\/li>\n<\/ul>\n","protected":false},"excerpt":{"rendered":"<p>Elektroinstallation f\u00fcr Industrie, Gewerbe und Privat Installation von Wallbox, Ladestation f\u00fcr Elektroauto Wohnungsinstallation, Reparaturen der Elektroanlage, Modernisierung im Haus, auch mit Sprechanlage, Elektroinstallation f\u00fcr Gewerbe Errichtung und Reparatur von Gewerbeobjekten, Anschlu\u00df von elektrotechnischen Maschinen, \u00dcberpr\u00fcfung ortsver\u00e4nderlicher Betriebsmittel Installation von Datenleitungen, Telefonanlagen<\/p>\n","protected":false},"author":1,"featured_media":0,"parent":0,"menu_order":0,"comment_status":"closed","ping_status":"closed","template":"","meta":{"footnotes":""},"class_list":["post-17","page","type-page","status-publish","hentry"],"_links":{"self":[{"href":"https:\/\/www.eas-wb.de\/index.php?rest_route=\/wp\/v2\/pages\/17","targetHints":{"allow":["GET"]}}],"collection":[{"href":"https:\/\/www.eas-wb.de\/index.php?rest_route=\/wp\/v2\/pages"}],"about":[{"href":"https:\/\/www.eas-wb.de\/index.php?rest_route=\/wp\/v2\/types\/page"}],"author":[{"embeddable":true,"href":"https:\/\/www.eas-wb.de\/index.php?rest_route=\/wp\/v2\/users\/1"}],"replies":[{"embeddable":true,"href":"https:\/\/www.eas-wb.de\/index.php?rest_route=%2Fwp%2Fv2%2Fcomments&post=17"}],"version-history":[{"count":9,"href":"https:\/\/www.eas-wb.de\/index.php?rest_route=\/wp\/v2\/pages\/17\/revisions"}],"predecessor-version":[{"id":629,"href":"https:\/\/www.eas-wb.de\/index.php?rest_route=\/wp\/v2\/pages\/17\/revisions\/629"}],"wp:attachment":[{"href":"https:\/\/www.eas-wb.de\/index.php?rest_route=%2Fwp%2Fv2%2Fmedia&parent=17"}],"curies":[{"name":"wp","href":"https:\/\/api.w.org\/{rel}","templated":true}]}}